+ 2*o. Suppose 75 + 1 = 4*l. Calculate the highest common divisor of l and b.
19
Suppose -x + 4*g = -28, -37 = -4*x - 4*g + 5*g. Suppose -6*z + 2*z = -x. Let l be 9 - -4*(12 - 441/36). What is the greatest common divisor of z and l?
2
Let n be (-168282)/99 - (-6)/(-33). Let r be ((-10)/(-8))/((-25)/n). Let v = -35 + 52. Calculate the highest common divisor of v and r.
17
Let v(f) = -f**3 + 6*f**2 + 3*f - 9. Let w be v(6). Let y = -338 + 338. Suppose y = 32*p - 36*p + 288. Calculate the highest common divisor of w and p.
9
Let k(q) = -2194*q**3 - 2*q**2 - 5*q - 4. Let d be k(-1). Let z be d/9 + (-6 - (-38)/6). What is the highest common factor of 183 and z?
61
Suppose 0 = 3*n - n - 56. Let q(a) = -2*a**2 - a. Let y be q(-2). Let b(z) = -23*z - 130. Let k be b(y). Calculate the greatest common divisor of k and n.
4
Let m(v) = 46*v + 5332. Let z be m(4). What is the highest common divisor of 84 and z?
28
Suppose -1186 = -27*q + 23*q + 2*b, -2*b - 596 = -2*q. What is the highest common divisor of q and 10?
5
Suppose -37 = -o - 2*g, 2*o - 11 - 72 = 5*g. What is the greatest common factor of 6747 and o?
39
Suppose -3*i - 350 = -3365. Suppose -4*r = -3*r + 4*p - i, -5025 = -5*r + 5*p. What is the greatest common factor of r and 15?
15
Let s(o) = -3*o**2 + 59*o - 54. Let k = 331 + -317. Let n be s(k). What is the highest common divisor of 506 and n?
46
Suppose -280*s + 287*s - 5866 = 0. Let x = s + -638. What is the highest common divisor of 16 and x?
8
Let b be 196/294 - (-1822)/3. What is the highest common divisor of 352 and b?
32
Let f be 40/30*276/16. Suppose 30*p - 9982 = -32*p. What is the greatest common divisor of f and p?
23
Let t be 3081/15 + (-24)/(-40). Suppose -38 + t = 7*k. Let w(o) = o**2 - o + 16. Let l be w(-7). What is the highest common divisor of k and l?
24
Let l(g) = -g**3 - 8*g**2 - g - 3. Let r be l(-8). Suppose r*i - 35 = -25. Suppose -n = -i*n + 5. Calculate the greatest common divisor of 10 and n.
5
Let m(u) be the first derivative of -1/4*u**4 - 8*u - 7 - 4*u**3 - 25/2*u**2. Let j be m(-10). Calculate the greatest common divisor of j and 14.
14
Suppose 0 = 27*q - 60*q + 264. Suppose -q*k = -6703 + 1839. Calculate the greatest common divisor of 16 and k.
16
Suppose -354573 = -34*w + 905875. Calculate the highest common factor of 112 and w.
112
Let y = 24 + -21. Let z be (y/(-2) - -1)/(1/22). Let l(h) = -h**3 - 12*h**2 - 11*h + 33. Let c be l(z). Calculate the greatest common factor of c and 44.
11
Suppose -73 + 345 = 16*x. Suppose 63*k - 58*k - 1105 = 0. Calculate the highest common factor of x and k.
17
Let p be (((-198)/27)/(-11))/(-2)*-291. Calculate the greatest common divisor of p and 3977.
97
Suppose 2*q - 4420 = -l, -q = 2*l - 3218 - 5619. What is the greatest common factor of 423 and l?
47
Suppose 2*z - 2755 - 1901 = 3*q, 3*z = 2*q + 6989. Suppose -2223 - z = -23*j. Let g be 699/21 + (-4)/14. Calculate the greatest common factor of j and g.
33
Let w = 3585 + -3582. Let k(x) = 32*x - 12. Let t(o) = -31*o + 12. Let g(a) = -5*k(a) - 6*t(a). Let u be g(w). What is the greatest common factor of u and 33?
33
Let f be (11 + ((-45)/(-63))/1)/(1/7). What is the highest common factor of 4838 and f?
82
Let g = -16908 + 17106. What is the greatest common factor of 22473 and g?
99
Let v be ((-126)/(-24))/((-120)/32 - -4). Calculate the highest common divisor of v and 35.
7
Let n be (4/(-6))/((-4)/30). Suppose 2*v + 189 = n*v. Let s = 536675 - 536668. Calculate the highest common factor of v and s.
7
Let d(b) = -47*b + 8. Let t be 3 + -7 + -2 + 2. Let z be d(t). Let r = z + -136. Calculate the highest common factor of 20 and r.
20
Suppose -551 = -9*j + 853. Let k = j - 148. What is the highest common divisor of k and 18?
2
Suppose -6*m - 392 = 8*m. Let w(c) = -c**2 - c + 1. Let u be w(-2). Let p be 3 - (m + (-5 - (-3 + u))). What is the highest common factor of p and 352?
32
Let i be (-5)/2 - (-195)/(-30). Let m be -72*(-2 + i/(-6)). Let o = -95 + 149. Calculate the greatest common divisor of m and o.
18
Let v be (-792)/(-2*1) + (13 + -1 - 5). Calculate the highest common factor of 130 and v.
13
Let t(v) = -10*v + 118. Let q be t(14). Let p be (-12)/(4/q + (-15 - -15)). What is the highest common divisor of p and 110?
22
Suppose 4*t - 40 = 4*k, 0 = -5*k + 4*t - 35 - 20. Let f be (24 - -214)*(k/(-6) + -2). Calculate the greatest common factor of f and 34.
17
Suppose 0 = -4*q + 108 + 28. Suppose -2*f = 5*z + 22, -3*f + f - q = -z. Let u be (-9)/(12/f - 0/(-1)). What is the greatest common factor of u and 2?
2
Let d(n) = n**2 - 21*n - 87. Let l be d(24). Let u(w) = 2*w**3 + 30*w**2 - 23*w - 35. Let x be u(l). What is the highest common factor of 10 and x?
10
Let c = 8 + -2. Suppose a - 4 = c. Let r be 225/a*2/3. Calculate the highest common divisor of 105 and r.
15
Let q = 524 - -1111. Calculate the greatest common factor of q and 210.
15
Suppose 161408 = -74*o + 545024. What is the greatest common divisor of o and 192?
192
Let g = -129 - -129. Suppose k - f = -g*f + 9, 6 = 2*f. Calculate the highest common factor of 84 and k.
12
Let k be (-1 - (-8 + 8))/(-1)*66. Let w = 501 + -347. What is the highest common divisor of w and k?
22
Let r be 4/(-8 + 10) + 1*(23 + 2). What is the greatest common factor of 15579 and r?
27
Let p = -13 + 18. Let n be (18*p/10)/1. Suppose -n = -g + 36. What is the highest common divisor of g and 9?
9
Let i = 63 + -31. Let u = 37 - i. Suppose -u = -c - 1. Calculate the greatest common divisor of 8 and c.
4
Let l = 633 - 631. Suppose l*a + 81 = 107. Calculate the highest common factor of 1144 and a.
13
Suppose -107*q + 349084 = 287*q. What is the highest common divisor of q and 2?
2
Suppose -45*j + 47*j = 26. Suppose 0 = -j*r + 11*r + 68. Suppose -4*w = -6*w + 272. What is the highest common divisor of w and r?
34
Suppose -o - 144 = -4*o. Suppose -2*u - 2*n + 4 = 0, -n + 2 - 6 = 0. What is the greatest common factor of u and o?
6
Suppose -1454 = -2*u - 4*n - 126, 5*n = u - 706. What is the greatest common divisor of u and 39?
13
Suppose 4*l = 4, 163*l + 46 = 5*o + 164*l. Calculate the highest common divisor of 657 and o.
9
Let w = -622 + 627. Suppose -4*a + 122 = -w*d, 4*a - 5*d - 114 = -4*d. Calculate the greatest common divisor of 35 and a.
7
Let k be (-3 - (-6 + 2))/((-2)/(-76)). Let m = -23 - -87. Let y = 50 + m. Calculate the greatest common divisor of y and k.
38
Let v be (-16 - (-2350)/175)*((-34)/3 + 2). Suppose 5*j = 2*j + 180. Suppose -i + j = -108. Calculate the greatest common divisor of v and i.
24
Let n(q) = -6*q**3 - 61*q**2 - 12*q - 14. Let d be n(-10). Calculate the greatest common divisor of 906 and d.
6
Let c = -144 - -115. Let f = c - -69. Calculate the greatest common divisor of 340 and f.
20
Let c(s) = -s**3 - 7*s**2 + 3. Let t(v) = v**3 + 8*v**2 - 2. Let r(i) = -3*c(i) - 2*t(i). Let l be r(-4). Calculate the greatest common divisor of l and 209.
11
Let v be (-20)/((2/(-1))/(7 - 3)). Let k = -8 - 2. Let z = k + 30. What is the greatest common divisor of z and v?
20
Suppose -7*k = -10783 + 3160. Calculate the greatest common divisor of 99 and k.
99
Let s(j) = -6*j**2 + 12*j + 347. Let k(l) = -7*l**2 + 13*l + 346. Let c(i) = -5*k(i) + 6*s(i). Let n be c(0). Calculate the highest common factor of 32 and n.
32
Suppose 0 = -12*a + 420 - 288. Let i = -331 + 507. Calculate the highest common factor of a and i.
11
Suppose 247 - 67 = 9*q. Let o(c) = -c**3 + 2*c**2 + 3*c - 1. Let p be o(3). Let l be 1 - 1 - (p + -9). Calculate the highest common factor of l and q.
10
Let c = -58 + 103. Let m(w) = 322 - 331 + 9*w + w**2 - 2*w. Let d be m(9). Calculate the highest common factor of d and c.
45
Let r(s) = 26*s**2 - 2*s - 3. Let v be r(-1). Let x(t) = 1 - v*t + 17*t**2 - 24*t + 45*t. Let k be x(-2). What is the greatest common factor of k and 7?
7
Let a be (-23328)/270*(-1 + 6/(-4)). What is the greatest common divisor of a and 32?
8
Let c(v) = -43 + 43 + 53 + 3*v + 40. Let g be c(50). What is the highest common factor of g and 54?
27
Suppose 0*r + 1718 = -4*i + 2*r, 2*i - 5*r = -863. Let b = 2487 - 2508. Let g be (-12)/b - i/21. What is the greatest common divisor of 35 and g?
7
Suppose -3*j + 3*m = -1140, -3*j = 3*m - 0*m - 1122. Let s = 421 - j. What is the greatest common divisor of s and 44